 - 105221. Determine h(-11).
-83
Let o(h) = 7296*h + 79988. Calculate o(-11).
-268
Let h(c) = -c**3 - 58*c**2 - 843*c - 358. Determine h(-32).
-6
Let j(h) = 22*h**2 - 133*h + 60. Determine j(4).
-120
Let t(l) = 171*l**2 + 3124*l - 2445. Determine t(-19).
-70
Let v(d) = -310*d + 6388. Determine v(20).
188
Let w(q) = -2*q**2 + 587*q + 37549. What is w(-54)?
19
Let w(o) = 3*o**3 - 141*o**2 - 7*o - 213. Determine w(47).
-542
Let o(h) = 5*h**2 - 48*h - 1028. Determine o(20).
12
Let o(w) = 8502*w + 136020. Give o(-16).
-12
Let y(n) = n**3 - 41*n**2 + 12*n + 344. Give y(40).
-776
Let l(t) = 14*t**3 + 25*t**2 + 178*t - 372. Give l(2).
196
Let o(g) = -1888*g + 20672. What is o(11)?
-96
Let v(f) = -13*f**2 + 4803*f + 125696. What is v(394)?
10
Let n(z) = -6980*z - 6982. Calculate n(-1).
-2
Let s(l) = -l**3 - 84*l**2 + 36*l + 643. Give s(0).
643
Let r(h) = 2*h**3 - 113*h**2 - 379*h - 2776. What is r(60)?
-316
Let f(j) = -83399*j + 667276. What is f(8)?
84
Let c(o) = -331788*o - 1990731. Give c(-6).
-3
Let k(l) = -904*l + 29703. Determine k(35).
-1937
Let y(j) = -21*j**2 - 610*j + 617. Calculate y(1).
-14
Let p(j) = j**2 + 1379*j + 8239. Give p(-6).
1
Let q(u) = 368*u + 12373. Determine q(-37).
-1243
Let s(x) = -7348*x - 543742. Determine s(-74).
10
Let t(m) = -m**3 - 19*m**2 + 227*m + 4192. Calculate t(-20).
52
Let h(q) = 138919*q + 555683. Calculate h(-4).
7
Let l(n) = -49323*n + 1183758. Calculate l(24).
6
Let p(n) = 20*n + 2037. Give p(-106).
-83
Let q(c) = 545*c - 227254. Calculate q(417).
11
Let a(t) = -2*t**3 + 136*t**2 + 129*t + 592. What is a(69)?
-29
Let g(o) = -2450*o - 9322. Determine g(-4).
478
Let f(w) = 2*w**3 + 203*w**2 - 525*w - 268. Determine f(-104).
252
Let d(g) = -g**2 + 20597*g - 164669. Give d(8).
43
Let v(w) = -w**2 - 34346*w + 1031290. What is v(30)?
10
Let y(q) = 13*q**3 + 682*q**2 - 284*q + 4625. Give y(-53).
14
Let k(z) = -6*z**3 + 343*z**2 - 56*z - 115. Give k(57).
-58
Let u(o) = o**3 + 152*o**2 + 294*o + 158. Determine u(-150).
1058
Let z(d) = 1833*d - 311673. Give z(170).
-63
Let p(s) = -s**2 - 51*s + 18483. Calculate p(114).
-327
Let l(z) = -16*z**2 - 22*z - 195. Give l(-3).
-273
Let u(z) = 70449*z + 704496. Determine u(-10).
6
Let q(v) = 2*v**2 - 167*v - 16558. Calculate q(143).
459
Let g(i) = 73*i + 7562. Calculate g(-74).
2160
Let j(h) = -h**3 - 65*h**2 - 355*h - 10481. Calculate j(-62).
-3
Let b(s) = -227476*s + 682447. Calculate b(3).
19
Let x(w) = 4267*w + 55462. Calculate x(-13).
-9
Let w(h) = -890*h + 58759. Determine w(66).
19
Let q(s) = -s**2 - 31702*s + 221975. What is q(7)?
12
Let d(p) = -162*p + 20912. What is d(130)?
-148
Let l(i) = 3852*i**2 + 1155600*i + 2. Give l(-300).
2
Let s(c) = -2452*c + 22593. Give s(9).
525
Let m(n) = -307*n - 11070. Calculate m(-36).
-18
Let o(h) = 4*h**2 + 212*h + 2689. Give o(-22).
-39
Let p(j) = -7766*j - 3572. Determine p(-1).
4194
Let b(z) = 25158*z - 930716. Determine b(37).
130
Let i(g) = -g**2 + 219247*g - 2850018. Give i(13).
24
Let o(l) = -10*l**3 + l**2 + 10*l - 13. Calculate o(3).
-244
Let c(g) = -44503*g - 222559. Give c(-5).
-44
Let x(z) = 8473*z + 59529. Calculate x(-7).
218
Let c(b) = -2*b**2 - 833*b - 7560. Calculate c(-9).
-225
Let w(u) = 18*u**2 - 101*u - 624. Determine w(-6).
630
Let o(a) = 5*a**3 - 12*a**2 - 66*a + 120. Determine o(2).
-20
Let t(z) = 3006*z + 17886. Give t(-6).
-150
Let y(i) = i**3 - 14*i**2 - 263*i - 355. Calculate y(25).
-55
Let s(k) = -k**3 - 62*k**2 - 9409*k - 570238. Calculate s(-61).
-10
Let r(d) = d**2 - 392654*d - 3533979. What is r(-9)?
-12
Let b(s) = s**3 + 44*s**2 - 142*s + 2303. Determine b(-48).
-97
Let z(h) = 329*h + 11221. Give z(-34).
35
Let o(q) = q**3 + 24*q**2 - 44*q + 256. Give o(-27).
-743
Let k(o) = -3*o**3 + 11*o**2 + 1396*o - 11219. Calculate k(8).
-883
Let z(c) = 66291*c + 2386464. What is z(-36)?
-12
Let f(o) = -11*o**2 - 2480*o + 6452. What is f(-228)?
68
Let w(u) = -3039*u**2 - 45573*u + 36. Give w(-15).
-144
Let b(r) = 2*r**2 + 526*r + 4151. Give b(-255).
71
Let v(b) = 460*b**2 + 47532*b + 15652. What is v(-103)?
-4
Let x(f) = -7012*f - 322563. Give x(-46).
-11
Let h(f) = -40*f**2 - 333*f - 46. Give h(-8).
58
Let r(t) = -t**2 + 296*t - 15335. Calculate r(67).
8
Let f(p) = 1240*p - 204635. Calculate f(165).
-35
Let f(m) = 342*m - 200. Determine f(-4).
-1568
Let j(n) = 24813*n - 74780. Calculate j(3).
-341
Let l(f) = -2424*f + 159969. Calculate l(66).
-15
Let j(n) = 3*n**2 - 244*n + 5008. Calculate j(39).
55
Let z(n) = -n**2 - 2697*n + 37950. What is z(14)?
-4
Let x(r) = -r**3 - 146*r**2 + 547*r + 14879. What is x(-149)?
-21
Let u(f) = 29*f**2 - 161*f - 87. Determine u(10).
1203
Let q(x) = 6444*x - 1430513. Give q(222).
55
Let l(h) = -27*h**2 + 303*h - 706. Determine l(8).
-10
Let h(k) = -k**3 + 105*k**2 - 1125*k + 1689. What is h(93)?
852
Let y(m) = -5879*m - 199888. Calculate y(-34).
-2
Let y(u) = -u**3 - 259*u**2 - 2545*u + 114. Calculate y(-10).
664
Let o(k) = 18*k**2 - 1978*k + 33597. Give o(21).
-3
Let f(j) = j**3 + 342*j**2 - 1384*j - 32. Calculate f(-346).
-32
Let f(u) = -4*u**2 - 83*u + 767. What is f(-37)?
-1638
Let c(i) = 970*i - 69909. Determine c(72).
-69
Let w(p) = p**2 - 4973*p - 241012. Determine w(-48).
-4
Let o(f) = -68*f + 9984. Calculate o(147).
-12
Let z(y) = 162*y**3 + y**2 - 73*y - 74. What is z(-1)?
-162
Let t(y) = -17*y**2 + 797*y + 1675. Determine t(49).
-89
Let m(w) = -187209*w + 2808130. Calculate m(15).
-5
Let w(r) = 2*r**3 + 142*r**2 + 401*r + 8634. Calculate w(-69).
9
Let u(n) = -31072*n - 4. Determine u(0).
-4
Let i(p) = -32233*p + 161190. Calculate i(5).
25
Let l(h) = -435990*h - 2179949. Give l(-5).
1
Let f(q) = -11*q**3 - 5*q**2 + 29*q + 153. Give f(-4).
661
Let b(y) = 4*y**2 - 201*y + 1076. Determine b(6).
14
Let y(i) = 559*i**2 - 2234*i. Calculate y(4).
8
Let r(g) = 5968*g + 53922. Calculate r(-9).
210
Let i(o) = 162*o + 8016. Give i(-55).
-894
Let q(y) = -71*y**2 - 14048*y + 1973. Determine q(-198).
-7
Let u(f) = -f**3 + 1082*f - 331. Calculate u(0).
-331
Let g(o) = -3*o**2 - 217*o - 4003. Determine g(-39).
-103
Let t(r) = 1233*r - 3250. Calculate t(3).
449
Let w(n) = 3*n**3 - 1720*n**2 + 530*n + 24624. Determine w(573).
-15
Let q(r) = 60168*r + 722087. Give q(-12).
71
Let g(a) = -35171*a - 527604. Give g(-15).
-39
Let u(y) = 7*y**3 + 155*y**2 - 76*y - 2523. Calculate u(-22).
-367
Let d(m) = 597*m + 750551. What is d(-1257)?
122
Let s(h) = 4985*h + 29864. What is s(-6)?
-46
Let v(q) = 3*q**2 - 784*q - 6434. What is v(-8)?
30
Let x(i) = 23*i**2 - 270*i + 535. Give x(2).
87
Let y(h) = 24721*h - 24711. Calculate y(1).
10
Let b(c) = c**3 + 248*c**2 + 822*c + 330495. Calculate b(-250).
-5
Let r(f) = 405*f - 42503. Give r(105).
22
Let v(z) = 3739*z + 175867. Give v(-47).
134
Let f(m) = -70*m**3 + 14*m**2 - 16*m - 208. Calculate f(-3).
1856
Let q(g) = 24*g**2 - 10*g + 1059. Give q(0).
1059
Let f(o) = 1632*o - 40830. What is f(26)?
1602
Let k(v) = -226*v + 23667. Calculate k(108).
-741
Let v(l) = -1366*l - 148738. What is v(-109)?
156
Let s(i) = 9434*i + 1707577. What is s(-181)?
23
Let w(t) = -2*t**3 + 167*t**2 - 1286*t + 99858. Calculate w(83).
9
Let i(u) = -2*u**3 - 408*u**2 - 8326*u + 218. Determine i(-181).
218
Let g(c) = -c**2 + 7618*c + 106788. What is g(-14)?
-60
Let h(v) = 1303703*v - 7822205. What is h(6)?
13
Let x(a) = -a**3 + 14*a**2 - 7*a - 213. Calculate x(-6).
549
Let w(k) = 4*k**2 - 253*k + 1794. Determine w(55).
-21
Let i(m) = 5*m**2 - 26*m + 343. Determine i(20).
1823
Let h(k) = -4682*k - 4850559. Give h(-1036).
-7
Let w(a) = 11*a**3 - 3*a**2 + 102*a + 331. Give w(-3).
-299
Let i(f) = 128*f - 1765. What is i(4)?
-1253
Let p(f) = f**3 - 166*f**2 - 122*f + 20375. Determine p(166).
123
Let m(s) = 505*s + 14881. Calculate m(-29).
236
Let k(z) = 3*z**3 - 15*z**2 - 250*z - 26. Give k(12).
-2
Let l(i) = -i**3 + 178*i**2 - 4561*i + 715. What is l(147)?
127
Let i(h) = h**2 - 2*h - 656. Give i(23).
-173
Let j(u) = -342*u + 15012. Calculate j(44).
-36
Let j(c) = c**3 + 369*c**2 + 3244*c + 1468. What is j(-360)?
28
Let x(h) = -5*h**2 + 25*h + 4172. Calculate x(-26).
142
Let g(w) = -w**3 - 114*w**2 - 3265*w - 1372. Calculate g(-54).
-22
Let a(h) = 858285*h - 2574860. Calculate a(3).
-5
Let u(o) = -59*o**3 - 1187*o**2 - 295*o - 3096. Calculate u(-20).
4
Let p(c) = -220366*c + 1542